What is the highest common factor of 98206965 and 1215?
135
Calculate the highest common divisor of 64450363 and 1165.
233
Calculate the highest common factor of 191543 and 138182.
121
Calculate the greatest common factor of 55327 and 429011.
907
What is the greatest common divisor of 26 and 49806458?
26
What is the greatest common divisor of 20 and 1905227780?
20
What is the highest common divisor of 308 and 4822440?
28
What is the highest common divisor of 63987 and 2562?
21
What is the greatest common divisor of 138 and 25762?
2
Calculate the greatest common factor of 1665558 and 14994.
306
Calculate the greatest common divisor of 861424 and 3298.
34
What is the highest common factor of 626474096 and 656?
656
Calculate the greatest common divisor of 4619583 and 2934.
1467
What is the greatest common divisor of 698689425 and 4575?
4575
Calculate the highest common divisor of 46750664 and 2968.
424
What is the greatest common divisor of 4356056 and 832?
8
What is the highest common divisor of 22379 and 24150?
161
What is the highest common divisor of 527304015 and 15?
15
Calculate the greatest common factor of 1356104 and 240538.
1894
Calculate the greatest common divisor of 215824162 and 212.
106
What is the highest common divisor of 1185132 and 53534?
1846
Calculate the highest common divisor of 444995 and 51850.
305
Calculate the greatest common factor of 87478447 and 119.
119
What is the highest common factor of 632441 and 2442?
37
Calculate the greatest common divisor of 15466 and 8888.
22
Calculate the highest common divisor of 380 and 7277990.
10
What is the highest common divisor of 3383256 and 1266?
6
Calculate the greatest common divisor of 19990640 and 110.
10
What is the highest common divisor of 475924 and 58?
2
What is the highest common factor of 1241214 and 1248?
78
Calculate the greatest common factor of 107074 and 72475282.
3454
What is the highest common factor of 32372647 and 14804?
3701
What is the greatest common divisor of 135 and 18543780?
45
What is the greatest common divisor of 99840 and 7215?
195
What is the highest common factor of 22 and 68365539?
11
What is the greatest common factor of 330814 and 7744?
242
What is the greatest common factor of 18531154 and 37?
37
What is the highest common factor of 155640 and 12840?
120
What is the highest common divisor of 618624605 and 205?
205
Calculate the greatest common divisor of 3674 and 123002.
22
Calculate the highest common divisor of 1308 and 8039404.
436
What is the greatest common divisor of 130 and 272195300?
130
What is the greatest common factor of 24486 and 5604750?
318
What is the highest common divisor of 12820154 and 3308?
1654
What is the highest common factor of 5640598 and 2096?
262
What is the highest common divisor of 293302757 and 2453?
2453
Calculate the highest common divisor of 18117 and 477037.
11
What is the greatest common factor of 1698 and 880130?
566
Calculate the greatest common divisor of 7592 and 36296.
104
Calculate the highest common divisor of 83900 and 15511432.
3356
Calculate the greatest common factor of 200005578 and 1566.
54
Calculate the greatest common factor of 396 and 1633167.
9
Calculate the highest common factor of 9249108 and 8364.
492
Calculate the greatest common factor of 29625 and 144017.
79
What is the highest common divisor of 4840 and 8975780?
2420
Calculate the greatest common factor of 640 and 420930.
10
Calculate the highest common factor of 201 and 1960376919.
201
Calculate the highest common factor of 93 and 126823511.
31
Calculate the highest common divisor of 48158 and 820278.
398
What is the greatest common factor of 18 and 287897814?
18
What is the highest common factor of 28106 and 42458?
598
What is the greatest common factor of 33366 and 136522550?
11122
What is the greatest common divisor of 203 and 342377?
7
What is the highest common divisor of 89033836 and 22340?
4468
Calculate the greatest common divisor of 284727395 and 2120.
265
Calculate the highest common divisor of 555 and 3781104.
111
What is the greatest common divisor of 146179 and 66251?
97
Calculate the highest common factor of 180350150 and 730.
730
What is the highest common factor of 11316 and 259716?
276
What is the highest common factor of 78684 and 158748?
12
Calculate the highest common divisor of 100 and 108918280.
20
What is the greatest common divisor of 2005 and 108671?
401
What is the greatest common factor of 1720 and 417616?
344
What is the greatest common factor of 146 and 65524873?
73
What is the greatest common factor of 340 and 3943405?
85
What is the highest common factor of 361804636 and 5816?
2908
Calculate the highest common divisor of 3025 and 4088050.
25
Calculate the greatest common divisor of 1884360042 and 36.
18
Calculate the greatest common factor of 128161 and 1211826.
671
What is the greatest common divisor of 1670969 and 7519?
103
Calculate the highest common divisor of 2162 and 18001.
47
What is the greatest common factor of 214732496 and 11?
11
Calculate the greatest common factor of 23896 and 164492648.
824
Calculate the highest common divisor of 1113 and 4819025.
53
What is the greatest common divisor of 59208 and 155502411?
7401
What is the greatest common factor of 397026 and 248262?
966
What is the greatest common factor of 1980 and 21079080?
1980
Calculate the highest common divisor of 2500 and 2750000.
2500
What is the greatest common divisor of 36908235 and 184275?
4095
What is the highest common factor of 28122 and 8175?
327
Calculate the greatest common factor of 2432 and 11711296.
1216
What is the highest common divisor of 6192 and 184981872?
2064
Calculate the highest common factor of 42369 and 631152.
1461
Calculate the greatest common divisor of 8902702 and 322.
46
Calculate the greatest common divisor of 305866 and 115720.
22
What is the greatest common divisor of 1901433 and 20859?
51
What is the greatest common divisor of 1240 and 750800?
40
Calculate the greatest common factor of 299 and 756184.
13
What is the highest common divisor of 34037 and 1510771?
337
What is the greatest common factor of 1707096 and 24?
24
Calculate the greatest common factor of 3661 and 8407.
7
Calculate the highest common factor of 6386688 and 1617.
231
What is the highest common divisor of 56107 and 17442?
19
Calculate the highest common divisor of 17044074 and 108.
54
Calculate the highest common divisor of 9748267 and 83.
83
What is the highest common factor of 1566 and 6500756?
58
What is the highest common divisor of 115838 and 306?
34
What is the greatest common divisor of 9831308 and 11116?
1588
Calculate the highest common divisor of 3193116 and 108.
12
What is the highest common factor of 20541 and 19311?
123
What is the highest common factor of 90974037 and 443?
443
What is the highest common divisor of 241144 and 56?
8
What is the greatest common divisor of 2349 and 9450837?
81
Calculate the highest common divisor of 19228 and 307676842.
9614
Calculate the highest common factor of 13048 and 162867.
233
Calculate the greatest common divisor of 23093685 and 10065.
915
What is the greatest common factor of 92 and 40648176?
92
Calculate the highest common divisor of 53441996 and 14791.
2113
Calculate the greatest common divisor of 5035 and 202787.
19
Calculate the highest common divisor of 235004987 and 35.
7
What is the highest common divisor of 14125 and 111575?
25
What is the highest common divisor of 5062553 and 495121?
2369
Calculate the highest common factor of 81 and 2549601.
9
Calculate the greatest common divisor of 885 and 262930.
5
What is the highest common divisor of 72113500 and 60?
20
What is the greatest common divisor of 3569 and 1108631?
83
What is the highest common divisor of 5701443 and 54978?
561
What is the highest common divisor of 18036 and 66800?
668
Calculate the highest common divisor of 323 and 4736149.
323
What is the greatest common factor of 1202 and 23009285?
601
What is the highest common divisor of 18975 and 211255?
1265
What is the greatest common divisor of 2189586 and 1070840?
2818
Calculate the highest common divisor of 10524611 and 2290.
229
What is the greatest common factor of 1190 and 2289756?
14
Calculate the greatest common factor of 243 and 20086587.
9
Cal